 to base 14.
-a7d5b
What is 503326 (base 9) in base 3?
120010100220
Convert -28dbc6 (base 15) to base 16.
-1e106e
What is 231241054 (base 6) in base 12?
151918a
What is -31d52 (base 14) in base 9?
-203403
16a951 (base 11) to base 12
1084a0
What is 24111313 (base 5) in base 8?
662764
Convert -302213102 (base 4) to base 14.
-557a2
What is 4543364 (base 8) in base 12?
4b4184
3233040 (base 8) to base 12
359080
-10111110000010000111 (base 2) to base 16
-be087
Convert -100101100322 (base 4) to base 6.
-231225242
Convert -24013321 (base 5) to base 4.
-311222330
Convert -3214022111 (base 5) to base 7.
-111436605
-303002 (base 4) to base 6
-23042
2103041401 (base 5) to base 13
b924a4
What is -40443244 (base 5) in base 16?
-5010d
244200411 (base 6) to base 11
2708150
Convert 1033342011 (base 5) to base 7.
25044403
What is 2333e (base 15) in base 3?
12200210012
-101000022111220 (base 3) to base 8
-24227651
-3103314323 (base 5) to base 9
-12773182
-13303012 (base 5) to base 16
-20e65
Convert -22222022120 (base 4) to base 2.
-1010101010001010011000
Convert -55466511 (base 7) to base 5.
-2211234110
What is -148c9b (base 14) in base 3?
-1100101001220
What is -670372 (base 9) in base 15?
-7da1e
What is 191901 (base 10) in base 13?
69468
3390194 (base 10) to base 13
919142
4435241 (base 7) to base 8
2054065
-1c2ca31 (base 13) to base 15
-c5087b
-23dacd (base 14) to base 10
-1228709
1341031 (base 9) to base 10
735589
Convert -120103322 (base 4) to base 9.
-161532
What is -20221200221 (base 3) in base 6?
-2533254
14203752 (base 8) to base 9
6036722
What is -7b5 (base 16) in base 3?
-2201002
b60d3 (base 16) to base 7
6224001
-235811 (base 12) to base 8
-2130515
Convert 315080 (base 15) to base 16.
23cb11
Convert 2153370 (base 12) to base 11.
3633a5a
-61c2b (base 15) to base 3
-120202001112
What is -6272536 (base 9) in base 3?
-20022102121020
-309747 (base 11) to base 15
-9be8a
722031 (base 10) to base 5
141101111
Convert -304127 (base 8) to base 13.
-36941
11261040 (base 7) to base 13
28856a
Convert 866a6 (base 12) to base 8.
532136
Convert -850332 (base 10) to base 6.
-30120420
Convert 1493829 (base 11) to base 5.
1123140101
Convert -5102004 (base 8) to base 9.
-2468286
What is 212422344 (base 6) in base 13?
a1b657
What is 3527a9 (base 15) in base 14?
4a17b8
Convert 134234240 (base 5) to base 6.
22531043
5624c (base 13) to base 15
3150e
Convert -313601 (base 8) to base 7.
-613100
Convert 1255455 (base 6) to base 4.
101010323
-2333371 (base 8) to base 7
-5261111
Convert 1010101100010101000100 (base 2) to base 9.
5242007
What is 14156506 (base 7) in base 15?
1b2a0a
Convert 1053136 (base 7) to base 14.
3591d
What is -122021110012 (base 3) in base 10?
-340043
283733 (base 10) to base 9
472178
11111100100111100 (base 2) to base 7
1046041
Convert -202102220222211 (base 3) to base 13.
-233494c
4418235 (base 10) to base 16
436abb
Convert -313130031130 (base 4) to base 6.
-1235300324
Convert 14213341 (base 5) to base 3.
21111222102
What is 5279415 (base 11) in base 13?
1c05933
What is 11465656 (base 7) in base 14?
1c96d6
7345b5 (base 12) to base 5
430434201
Convert -418147 (base 9) to base 10.
-248713
2492346 (base 10) to base 13
69357c
What is 40031420 (base 6) in base 9?
2102753
Convert -167322 (base 10) to base 3.
-22111112010
5455251 (base 6) to base 7
2212066
What is d638 (base 16) in base 15?
113b0
120110111000 (base 3) to base 11
198727
345072 (base 8) to base 12
57a76
Convert -10002121000 (base 3) to base 5.
-3422224
Convert -20200100110 (base 3) to base 12.
-64103
-3631201 (base 7) to base 5
-104231214
-205907 (base 16) to base 7
-24006410
What is -1926d (base 14) in base 15?
-13ca1
Convert -451301 (base 7) to base 6.
-1413032
What is 1730545 (base 8) in base 3?
221121120210
2135441 (base 6) to base 2
11001111011110001
-29ef9 (base 16) to base 11
-108064
What is 101000001101110001110 (base 2) in base 10?
1317774
-3598a (base 12) to base 4
-101220322
Convert -34030313 (base 5) to base 13.
-a6032
-3c50c (base 14) to base 16
-246b0
Convert -3044433232 (base 5) to base 12.
-2114520
Convert -145015305 (base 6) to base 8.
-13447771
Convert -154093 (base 10) to base 13.
-551a4
-4431022 (base 5) to base 4
-102303110
203022103 (base 4) to base 16
23293
What is 175076 (base 11) in base 9?
451666
586a6 (base 14) to base 16
3493a
1415023 (base 12) to base 3
21112202200000
Convert -24366607 (base 8) to base 14.
-9da9dd
11001100110010001011 (base 2) to base 15
1187ea
What is -2232020320 (base 4) in base 14?
-147d20
What is 140341242 (base 5) in base 13?
1c06c2
What is 31010202111 (base 4) in base 16?
344895
981a7 (base 11) to base 15
2c405
2201255 (base 8) to base 7
5006413
Convert 11010111001111110 (base 2) to base 11.
75888
What is -10220002211 (base 3) in base 13?
-28b4c
-235886 (base 13) to base 8
-3152014
Convert -11120202120 (base 3) to base 7.
-524016
-1342277 (base 13) to base 15
-7ea742
-11170637 (base 8) to base 11
-1404057
Convert -26c421 (base 13) to base 7.
-10666332
-33042004 (base 6) to base 14
-1b9176
28164 (base 10) to base 9
42563
What is 262549 (base 10) in base 16?
40195
What is 7b98b (base 12) in base 9?
272088
10440010224 (base 5) to base 13
2547969
-10141230 (base 5) to base 13
-2c28c
Convert -537035 (base 8) to base 14.
-49709
What is 13031333 (base 4) in base 16?
737f
Convert 128699 (base 10) to base 6.
2431455
What is -101101101001001001000 (base 2) in base 13?
-4049b0
What is 101100011011000101 (base 2) in base 3?
100020121011
What is -2a2303 (base 11) in base 12?
-1a8a70
What is 110011111001100000 (base 2) in base 13?
759b0
-42492d (base 14) to base 9
-4184848
What is 3540024 (base 8) in base 13?
27acc9
What is -2340463 (base 7) in base 16?
-4828c
Convert 45021103 (base 6) to base 16.
14b05f
Convert 209452 (base 10) to base 8.
631054
Convert -2360607 (base 8) to base 5.
-131210214
Convert 17993 (base 14) to base 9.
100570
34747372 (base 8) to base 16
73cefa
-544820 (base 10) to base 2
-10000101000000110100
What is a927a (base 12) in base 3?
102100022011
Convert 2b379c (base 13) to base 9.
2002385
Convert b57275 (base 12) to base 13.
78b960
590218 (base 12) to base 11
898223
What is -4168615 (base 11) in base 4?
-130001211203
What is -10102310303 (base 4) in base 2?
-100010010110100110011
What is 1051301 (base 7) in base 14?
35601
3546c (base 14) to base 8
375470
-5769b (base 12) to base 8
-344027
What is a5644 (base 14) in base 2?
1100001011100001100
What is -344b4 (base 14) in base 13?
-45b60
What is -15c17c (base 16) in base 5?
-331111123
What is -3352313 (base 7) in base 14?
-ab97a
Convert 101001211221 (base 3) to base 13.
6c286
What is 13075734 (base 8) in base 5?
1221242132
What is 3340340 (base 5) in base 14?
17633
Convert -50142320 (base 6) to base 12.
-5819a0
Convert 2b36 (base 12) to base 9.
6866
-d37c (base 14) to base 9
-54801
What is 22335415 (base 6) in base 13?
1ab346
Convert -1589a5 (base 13) to base 9.
-1002528
Convert -1012082 (base 10) to base 4.
-3313011302
Convert 20ce2 (base 15) to base 13.
38546
-5644398 (base 11) to base 10
-9888469
Convert 3076641 (base 8) to base 10.
818593
Convert 6b338 (base 16) to base 4.
1223030320
Convert -1231300311 (base 4) to base 14.
-b9bb7
Convert -11110011010100110011000 (base 2) to base 15.
-a776b7
What is -11702341 (base 8) in base 6?
-131302213
Convert 1a931 (base 16) to base 7.
632226
Convert -1011220121000 (base 3) to base 12.
-263599
What is 22726406 (base 8) in base 6?
254144342
What is 32696b (base 13) in base 12?
492281
What is -8125358 (base 9) in base 6?
-232431212
Convert 472226 (base 8) to base 14.
42902
What is -591bb (base 12) in base 5?
-12311034
101011101011001 (base 2) to base 15
695b
Convert -c25e8 (base 16) to base 6.
-25021452
1660536 (base 9) to base 6
31500523
-132344442 (base 5) to base 7
-5453462
44251033 (base 6) to base 11
828252
Convert 535214 (base 9) to base 12.
134564
What is 10728 (base 11) in base 10?
15518
666364 (base 13) to base 16
24d15f
Convert -30102013 (base 4) to base 7.
-266452
What is -663530 (base 8) in base 10?
-223064
Convert 2755ba (base 13) to base 10.
954496
3421541 (base 10) to base 2
1101000011010101100101
-11111210011000 (base 3) to base 12
-977230
Convert 17450673 (base 8) to base 14.
784575
Convert -40312454 (base 6) to base 13.
-311203
-